- -11. Suppose -16*j + s + 87 = 0. Calculate the remainder when 65 is divided by j.
14
Suppose -2*y = 2*o - 312, 4*y - 207*o + 206*o - 619 = 0. Suppose i + 21 = 73. What is the remainder when y is divided by i?
51
Let z(n) = -13*n**2 + 9*n + 1. Let i be z(2). Let x = i - -39. Calculate the remainder when 21 is divided by x.
3
Let t(c) = -147*c - 585. Calculate the remainder when 916 is divided by t(-4).
1
Let g(d) = -11*d - 163. Let b = 338 - 255. Calculate the remainder when g(-37) is divided by b.
78
Let n = -23 + 33. Let c = -7047 + 7165. Calculate the remainder when c is divided by n.
8
Suppose -361*a - 361*a + 31350 = -700*a. What is the remainder when a is divided by 143?
138
What is the remainder when 1184 is divided by (7568/(-129) + 28)*18/(-4)?
80
Let t(u) = -6*u + 25*u**2 - 2*u**3 + 3 + u**3 - 20*u**2. Suppose -3*j + 4*j = 2*a + 5, a = -4*j + 65. Calculate the remainder when j is divided by t(3).
0
Suppose 3*t - 101 = 2*b, -325 = -10*t - 4*b + 33. Let h be 6/4 - 2/4. Calculate the remainder when t is divided by (-23 - h)*2/(-4).
11
Let m(x) = -137*x + 1. Let v be m(-1). Suppose 134*c = v*c - 68. Calculate the remainder when 166 is divided by c.
13
Let t be 93/248 + 506/16. Suppose -t*z + 39*z - 5866 = 0. What is the remainder when z is divided by 60?
58
Suppose -84 = -70*c + 58*c. Suppose -8*j + 23 = -c*j. What is the remainder when 33 is divided by j?
10
Let c = 13782 + -13493. What is the remainder when 595 is divided by c?
17
Let u = 495 - 493. Calculate the remainder when (-1)/((-214)/318 - u/(-3)) is divided by 27.
24
Suppose a - j - 3 = 0, 0*j - 2*j = 3*a - 14. Suppose 339 - 43 = a*f. Calculate the remainder when f is divided by 26.
22
Let u(o) = o**2 + 3*o + 1. Suppose -15*w - 112 = -7. Calculate the remainder when u(w) is divided by 6.
5
Suppose -4*z = -4*v + 20, -70*z = -71*z + 2*v - 11. Calculate the remainder when 409 is divided by z.
0
Let b(a) = -2*a**2 + 43*a - 118. What is the remainder when 1048 is divided by b(17)?
33
Suppose 4*m = 6*m - 150. What is the remainder when 5 - 98/18 - (-30935)/207 is divided by m?
74
Let p(n) = 21*n**3 - 62*n**2 + 352*n + 19. What is the remainder when p(7) is divided by 61?
60
Let c(p) = 2*p - 2. What is the remainder when -1 + (-22 + (32 - 12))/((-6)/15) is divided by c(2)?
0
Let u be 6/30 - (-202)/(-10). What is the remainder when 13 is divided by 0 - (u/5 + 2)?
1
Let d(a) = 3*a + 58. Let i(h) = -h + 8. Let v(r) = d(r) - 3*i(r). What is the remainder when 368 is divided by v(-4)?
8
Let k be 567/18 + 15/(-6). Suppose -k*l + 38*l - 279 = 0. What is the remainder when l is divided by 12?
7
Let l = -10 - -13. Let v be 11/l + -2 + 9/27. Suppose -2*u + 40 = v*u. What is the remainder when 17 is divided by u?
7
Let x = -16978 - -17130. What is the remainder when x is divided by 41?
29
Let r(q) = -q**3 + 10*q**2 - 10*q + 7. Let h be r(8). Suppose -2*f + 417 + h = 0. Let p = f - 158. What is the remainder when p is divided by 27?
24
Suppose 45*t - 142090 = 29*t - 49*t. What is the remainder when t is divided by 11?
8
Let o(l) = -58*l**2 + 4*l - 2. Let r be o(3). What is the remainder when 516/26 - -4*(-2)/(-52) is divided by (-2)/(-6) + r/(-48)?
9
Suppose -4*c + 119 = -5*q, -3*q + 6 = c + 91. Suppose -2*h + 0*h + 78 = -y, -5*h + 217 = 3*y. Let f = h + q. Calculate the remainder when 52 is divided by f.
10
Suppose -198 = -4*x - 58. Suppose -y - 281 = -j, j - 90*y = -85*y + 293. Calculate the remainder when j is divided by x.
33
Suppose -3*n = 3*g - 18, -4*g + 17 = 2*n - 7. What is the remainder when 11 - (-2 + 3 + 1) is divided by g?
3
Let s(k) = -47*k + 3108. Calculate the remainder when 29 is divided by s(66).
5
Suppose -50*k - 33*k = 9*k - 38916. Calculate the remainder when 2957 is divided by k.
419
Let k(a) = a**3 - 47*a**2 + 219*a - 129. Calculate the remainder when k(42) is divided by 26.
15
Suppose -2*c + 14170 = 8*x, 0 = 4*x + 8*c - 4*c - 7088. Calculate the remainder when x is divided by 16.
11
Calculate the remainder when 456 is divided by (((-14)/(-4))/(-1))/(372/(-8184)).
71
What is the remainder when 2490 is divided by (-8)/36 - (-36472)/423?
82
Suppose 13*z - 16*z = -6. Suppose z*d - 5*d + 48 = 0. Let g = -108 + 114. Calculate the remainder when d is divided by g.
4
Suppose 0 = k + o - 0 - 6, 5*k - o = 42. Suppose 240 = a + m, -k*a = -3*a + 4*m - 1199. Calculate the remainder when a is divided by 24.
23
Let t(u) = 13*u - 3. Let a be (3 + (-14)/4)*-6. Let z(s) = s**3 + 8*s**2 - 20*s + 10. What is the remainder when t(a) is divided by z(-10)?
6
Let p(k) = -k + 17. Let d be p(17). Suppose d = 11*z - 9*z. Suppose -3*q = -0*q - 3, -4*f - 2*q + 50 = z. Calculate the remainder when f is divided by 7.
5
Suppose 7*x - 24*x + 26804 - 9549 = 0. Calculate the remainder when x is divided by 503.
9
Calculate the remainder when 336 is divided by 22/(-4)*(50 + 33344/(-352)).
90
Let c(n) = -n**2 - n + 10. Let o(v) = v**2 + 12*v + 11. Let u be o(-11). What is the remainder when 36 is divided by c(u)?
6
What is the remainder when 162 is divided by ((-7290)/(-189))/27*21?
12
Suppose -4*m - 7 = 5, -2*m - 666 = -6*z. What is the remainder when 202 is divided by z?
92
Let m be 151 - (-2)/(1 + 1). Let h = -15307 - -15335. Suppose 2*x + h = m. What is the remainder when x is divided by 34?
28
Suppose -187*z - 7540 = -167*z. Let x = z + 408. Calculate the remainder when 278 is divided by x.
30
Suppose 13*a = 11*a + 7*t + 3751, 7 = -t. What is the remainder when a is divided by 12?
3
Let n = -6761 + 9184. What is the remainder when n is divided by 101?
100
Suppose 0 = -18*i + 739 + 467. What is the remainder when 251 is divided by i?
50
Let w(v) = v**3 + 4*v**2 - 2*v - 7. Let l be w(-5). Let o = 18 - l. What is the remainder when (-562)/(-8) + -2 - 10/o is divided by 23?
22
What is the remainder when 2293 is divided by 5/2 + -1 - -1828*(-12)/(-96)?
223
Let q be 1/2*(-20 + 0). Let k = -253224 - -253239. What is the remainder when 15/2*q/(-3) is divided by k?
10
Let p = 73 - 71. Suppose -l + 106 = h - 6*h, -p*h = 5*l - 638. What is the remainder when l is divided by 27?
18
What is the remainder when 740 is divided by (-2)/(-13 + 2415/186)?
120
Let p = -126 - -215. Let t(k) = k**3 + 8*k**2 + 1229*k + 11313. Calculate the remainder when t(-9) is divided by p.
82
Calculate the remainder when 496 is divided by (-1143)/(-45) - (-20)/(-50).
21
Let w be (-3 - 1)/4*1*16. What is the remainder when 84/(-8)*(w - -4) is divided by 43?
40
Suppose d - 9 = 2*s, 2*s + 24 = -3*s + 3*d. Let b = -14 - -30. What is the remainder when (s - -6)/((-6)/(-124)) is divided by b?
14
Let s(i) = 15*i**2 + 11*i + 3. Calculate the remainder when 391 is divided by s(-1).
6
Let n = -3215 + 3406. Calculate the remainder when n is divided by 96.
95
Suppose 75*j - 71*j - 1834 = -p, 3*p - 2296 = -5*j. Calculate the remainder when j is divided by 16.
10
What is the remainder when 589 is divided by 7/((-14)/(-3)) + ((-63)/(-2) - -4)?
34
Calculate the remainder when 211 is divided by (-7000)/(-66) + 312/(-5148).
105
Let n = -4104 - -4243. Calculate the remainder when n is divided by 126.
13
Suppose 94*n + 52*n - 730 = 0. Calculate the remainder when 1267 is divided by n.
2
Suppose i - 9*i = 1064. Let c = -121 - i. What is the remainder when 42 is divided by c?
6
Suppose -6*c - 4877 - 1719 = -7*c. Calculate the remainder when c is divided by 40.
36
Calculate the remainder when (1 - (0 + 5)) + -27 + 826 is divided by 42.
39
Suppose 0 = a - 5*m - 85, 5*a - 577 = -3*m + 16. Calculate the remainder when a is divided by 57.
1
Let f(a) = -a**2 - 93*a - 52. What is the remainder when f(-53) is divided by 15?
13
Let d(v) = -5*v - 38. Let z(m) = 3*m - 32. Let l be z(5). What is the remainder when 53 is divided by d(l)?
6
Let h(i) = -i + 21. Suppose -42 = -2*m + 16*m. Suppose 5*z + 0*v - 2*v - 342 = 0, -v + 214 = 3*z. Calculate the remainder when z is divided by h(m).
22
Suppose -121*h + 92*h + 2465 = 0. What is the remainder when 17/h - 195/(-25) is divided by 3?
2
Suppose m + 544 = 2*r - 2*m, 0 = 3*m. Calculate the remainder when 570 is divided by r.
26
Let w(x) = -12*x**3 + 161*x**2 - 64*x + 2. What is the remainder when 2684 is divided by w(13)?
14
Let p be 2*(-20)/(-16) + (-15)/(-10). What is the remainder when p/22 + 2694/66 is divided by 3?
2
L